{"id":62,"date":"2021-07-14T15:51:59","date_gmt":"2021-07-14T18:51:59","guid":{"rendered":"https:\/\/188.34.164.47\/wordpress\/?page_id=62"},"modified":"2023-05-18T10:03:11","modified_gmt":"2023-05-18T13:03:11","slug":"ubicacion","status":"publish","type":"page","link":"https:\/\/arboldepiedra.org\/wordpress\/?page_id=62","title":{"rendered":"UBICACI\u00d3N"},"content":{"rendered":"\n<p class=\"has-text-align-center has-text-color has-large-font-size\" style=\"color:#479425\">La Reserva se sit\u00faa al Noroeste de la Provincia de C\u00f3rdoba, inserta en el Departamento Punilla. Se encuentra en el Valle intermontano de Punilla (regi\u00f3n del Chaco Serrano), entre el cord\u00f3n de las Sierras de Cuniputo al Oeste y el de las Sierras Chicas al Este.<\/p>\n\n\n\n<p class=\"has-text-align-center has-text-color has-large-font-size\" style=\"color:#479425\">El \u00e1rea se encuentra a 500 metros del r\u00edo San Marcos, pr\u00f3xima a las localidades de San Marcos Sierras y Charbonier. Abarca una superficie total aproximada de 38 ha. y se encuentra ubicada&nbsp;<strong>a&nbsp;<\/strong>la vera del km 90,5 de la Ruta Nacional 38 en la provincia de C\u00f3rdoba, Argentina.<\/p>\n\n\n\n<figure class=\"wp-block-image size-large\"><img loading=\"lazy\" width=\"576\" height=\"1024\" src=\"https:\/\/188.34.164.47\/wordpress\/wp-content\/uploads\/2021\/07\/20210417_122626-576x1024.jpg\" alt=\"\" class=\"wp-image-15\" srcset=\"https:\/\/arboldepiedra.org\/wordpress\/wp-content\/uploads\/2021\/07\/20210417_122626-576x1024.jpg 576w, https:\/\/arboldepiedra.org\/wordpress\/wp-content\/uploads\/2021\/07\/20210417_122626-169x300.jpg 169w, https:\/\/arboldepiedra.org\/wordpress\/wp-content\/uploads\/2021\/07\/20210417_122626-768x1365.jpg 768w, https:\/\/arboldepiedra.org\/wordpress\/wp-content\/uploads\/2021\/07\/20210417_122626-864x1536.jpg 864w, https:\/\/arboldepiedra.org\/wordpress\/wp-content\/uploads\/2021\/07\/20210417_122626-1152x2048.jpg 1152w, https:\/\/arboldepiedra.org\/wordpress\/wp-content\/uploads\/2021\/07\/20210417_122626-1568x2788.jpg 1568w, https:\/\/arboldepiedra.org\/wordpress\/wp-content\/uploads\/2021\/07\/20210417_122626-scaled.jpg 1440w\" sizes=\"(max-width: 576px) 100vw, 576px\" \/><figcaption><strong>Rincones de la reserva.<\/strong> <em>PH: Anuk<\/em><\/figcaption><\/figure>\n","protected":false},"excerpt":{"rendered":"<p>La Reserva se sit&uacute;a al Noroeste de la Provincia de C&oacute;rdoba, inserta en el Departamento Punilla. Se encuentra en el Valle intermontano de Punilla (regi&oacute;n del Chaco Serrano), entre el cord&oacute;n de las Sierras de Cuniputo al Oeste y el de las Sierras Chicas al Este. El &aacute;rea se encuentra a 500 metros del r&iacute;o [&hellip;]<\/p>\n","protected":false},"author":1,"featured_media":8,"parent":0,"menu_order":0,"comment_status":"closed","ping_status":"closed","template":"","meta":[],"_links":{"self":[{"href":"https:\/\/arboldepiedra.org\/wordpress\/index.php?rest_route=\/wp\/v2\/pages\/62"}],"collection":[{"href":"https:\/\/arboldepiedra.org\/wordpress\/index.php?rest_route=\/wp\/v2\/pages"}],"about":[{"href":"https:\/\/arboldepiedra.org\/wordpress\/index.php?rest_route=\/wp\/v2\/types\/page"}],"author":[{"embeddable":true,"href":"https:\/\/arboldepiedra.org\/wordpress\/index.php?rest_route=\/wp\/v2\/users\/1"}],"replies":[{"embeddable":true,"href":"https:\/\/arboldepiedra.org\/wordpress\/index.php?rest_route=%2Fwp%2Fv2%2Fcomments&post=62"}],"version-history":[{"count":1,"href":"https:\/\/arboldepiedra.org\/wordpress\/index.php?rest_route=\/wp\/v2\/pages\/62\/revisions"}],"predecessor-version":[{"id":63,"href":"https:\/\/arboldepiedra.org\/wordpress\/index.php?rest_route=\/wp\/v2\/pages\/62\/revisions\/63"}],"wp:featuredmedia":[{"embeddable":true,"href":"https:\/\/arboldepiedra.org\/wordpress\/index.php?rest_route=\/wp\/v2\/media\/8"}],"wp:attachment":[{"href":"https:\/\/arboldepiedra.org\/wordpress\/index.php?rest_route=%2Fwp%2Fv2%2Fmedia&parent=62"}],"curies":[{"name":"wp","href":"https:\/\/api.w.org\/{rel}","templated":true}]}}

UBICACIÓN

<p class="has-text-align-center has-text-color has-large-font-size" style="color:#479425">La Reserva se sitúa al Noroeste de la Provincia de Córdoba, inserta en el Departamento Punilla. Se encuentra en el Valle intermontano de Punilla (región del Chaco Serrano), entre el cordón de las Sierras de Cuniputo al Oeste y el de las Sierras Chicas al Este.</p>



<p class="has-text-align-center has-text-color has-large-font-size" style="color:#479425">El área se encuentra a 500 metros del río San Marcos, próxima a las localidades de San Marcos Sierras y Charbonier. Abarca una superficie total aproximada de 38 ha. y se encuentra ubicada&nbsp;<strong>a&nbsp;</strong>la vera del km 90,5 de la Ruta Nacional 38 en la provincia de Córdoba, Argentina.</p>



<figure class="wp-block-image size-large"><img loading="lazy" width="576" height="1024" src="https://188.34.164.47/wordpress/wp-content/uploads/2021/07/20210417_122626-576x1024.jpg" alt="" class="wp-image-15" srcset="https://arboldepiedra.org/wordpress/wp-content/uploads/2021/07/20210417_122626-576x1024.jpg 576w, https://arboldepiedra.org/wordpress/wp-content/uploads/2021/07/20210417_122626-169x300.jpg 169w, https://arboldepiedra.org/wordpress/wp-content/uploads/2021/07/20210417_122626-768x1365.jpg 768w, https://arboldepiedra.org/wordpress/wp-content/uploads/2021/07/20210417_122626-864x1536.jpg 864w, https://arboldepiedra.org/wordpress/wp-content/uploads/2021/07/20210417_122626-1152x2048.jpg 1152w, https://arboldepiedra.org/wordpress/wp-content/uploads/2021/07/20210417_122626-1568x2788.jpg 1568w, https://arboldepiedra.org/wordpress/wp-content/uploads/2021/07/20210417_122626-scaled.jpg 1440w" sizes="(max-width: 576px) 100vw, 576px" /><figcaption><strong>Rincones de la reserva.</strong> <em>PH: Anuk</em></figcaption></figure>
