{"id":58,"date":"2021-07-14T15:18:01","date_gmt":"2021-07-14T18:18:01","guid":{"rendered":"https:\/\/188.34.164.47\/wordpress\/?page_id=58"},"modified":"2023-05-18T09:46:10","modified_gmt":"2023-05-18T12:46:10","slug":"desafio","status":"publish","type":"page","link":"https:\/\/arboldepiedra.org\/wordpress\/?page_id=58","title":{"rendered":"DESAF\u00cdO"},"content":{"rendered":"\n<p class=\"has-text-align-center has-text-color has-large-font-size\" style=\"color:#479425\">La tierra se present\u00f3 invit\u00e1ndonos a que la cuidemos, a ser guardianes y a hacernos cargo de la responsabilidad que ello significa.<\/p>\n\n\n\n<p class=\"has-text-align-center has-text-color has-large-font-size\" style=\"color:#479425\">El predio se encuentra alambrado y cerrado por tranqueras hace aproximadamente 50 a\u00f1os, siendo parte del parcelamiento \u201cBarrio Parque, Los Paredones\u201d aprobado en 1961, junto con el barrio Santa Isabel de la localidad de Charbonier.&nbsp; El parcelamiento est\u00e1 catalogado como urbano lo que permite a quien compre estas parcelas urbanizar estos espacios llenos de biodiversidad.<\/p>\n\n\n\n<p class=\"has-text-align-center has-text-color has-large-font-size\" style=\"color:#479425\">Nuestro desaf\u00edo en la adquisici\u00f3n de la tierra es proteger la vida y el entorno de una urbanizaci\u00f3n intensiva &nbsp;estableciendo valores de conservaci\u00f3n y firmando un compromiso con el medioambiente.<\/p>\n\n\n\n<div class=\"wp-block-group\"><div class=\"wp-block-group__inner-container\">\n<div class=\"wp-block-columns\">\n<div class=\"wp-block-column\" style=\"flex-basis:100%\">\n<figure class=\"wp-block-gallery columns-3 is-cropped\"><ul class=\"blocks-gallery-grid\"><li class=\"blocks-gallery-item\"><figure><img loading=\"lazy\" width=\"576\" height=\"1024\" src=\"https:\/\/arboldepiedra.org\/wordpress\/wp-content\/uploads\/2023\/05\/20210108_161815-576x1024.jpg\" alt=\"\" data-id=\"145\" data-full-url=\"https:\/\/arboldepiedra.org\/wordpress\/wp-content\/uploads\/2023\/05\/20210108_161815-scaled.jpg\" data-link=\"https:\/\/arboldepiedra.org\/wordpress\/?attachment_id=145\" class=\"wp-image-145\" srcset=\"https:\/\/arboldepiedra.org\/wordpress\/wp-content\/uploads\/2023\/05\/20210108_161815-576x1024.jpg 576w, https:\/\/arboldepiedra.org\/wordpress\/wp-content\/uploads\/2023\/05\/20210108_161815-169x300.jpg 169w, https:\/\/arboldepiedra.org\/wordpress\/wp-content\/uploads\/2023\/05\/20210108_161815-768x1365.jpg 768w, https:\/\/arboldepiedra.org\/wordpress\/wp-content\/uploads\/2023\/05\/20210108_161815-864x1536.jpg 864w, https:\/\/arboldepiedra.org\/wordpress\/wp-content\/uploads\/2023\/05\/20210108_161815-1152x2048.jpg 1152w, https:\/\/arboldepiedra.org\/wordpress\/wp-content\/uploads\/2023\/05\/20210108_161815-1240x2204.jpg 1240w, https:\/\/arboldepiedra.org\/wordpress\/wp-content\/uploads\/2023\/05\/20210108_161815-508x903.jpg 508w, https:\/\/arboldepiedra.org\/wordpress\/wp-content\/uploads\/2023\/05\/20210108_161815-scaled.jpg 1440w\" sizes=\"(max-width: 576px) 100vw, 576px\" \/><\/figure><\/li><li class=\"blocks-gallery-item\"><figure><img loading=\"lazy\" width=\"576\" height=\"1024\" src=\"https:\/\/arboldepiedra.org\/wordpress\/wp-content\/uploads\/2023\/05\/20210114_160247-576x1024.jpg\" alt=\"\" data-id=\"144\" data-full-url=\"https:\/\/arboldepiedra.org\/wordpress\/wp-content\/uploads\/2023\/05\/20210114_160247-scaled.jpg\" data-link=\"https:\/\/arboldepiedra.org\/wordpress\/?attachment_id=144\" class=\"wp-image-144\" srcset=\"https:\/\/arboldepiedra.org\/wordpress\/wp-content\/uploads\/2023\/05\/20210114_160247-576x1024.jpg 576w, https:\/\/arboldepiedra.org\/wordpress\/wp-content\/uploads\/2023\/05\/20210114_160247-169x300.jpg 169w, https:\/\/arboldepiedra.org\/wordpress\/wp-content\/uploads\/2023\/05\/20210114_160247-768x1365.jpg 768w, https:\/\/arboldepiedra.org\/wordpress\/wp-content\/uploads\/2023\/05\/20210114_160247-864x1536.jpg 864w, https:\/\/arboldepiedra.org\/wordpress\/wp-content\/uploads\/2023\/05\/20210114_160247-1152x2048.jpg 1152w, https:\/\/arboldepiedra.org\/wordpress\/wp-content\/uploads\/2023\/05\/20210114_160247-1240x2204.jpg 1240w, https:\/\/arboldepiedra.org\/wordpress\/wp-content\/uploads\/2023\/05\/20210114_160247-508x903.jpg 508w, https:\/\/arboldepiedra.org\/wordpress\/wp-content\/uploads\/2023\/05\/20210114_160247-scaled.jpg 1440w\" sizes=\"(max-width: 576px) 100vw, 576px\" \/><\/figure><\/li><li class=\"blocks-gallery-item\"><figure><img loading=\"lazy\" width=\"576\" height=\"1024\" src=\"https:\/\/arboldepiedra.org\/wordpress\/wp-content\/uploads\/2023\/05\/20201022_140327-576x1024.jpg\" alt=\"\" data-id=\"146\" data-full-url=\"https:\/\/arboldepiedra.org\/wordpress\/wp-content\/uploads\/2023\/05\/20201022_140327-scaled.jpg\" data-link=\"https:\/\/arboldepiedra.org\/wordpress\/?attachment_id=146\" class=\"wp-image-146\" srcset=\"https:\/\/arboldepiedra.org\/wordpress\/wp-content\/uploads\/2023\/05\/20201022_140327-576x1024.jpg 576w, https:\/\/arboldepiedra.org\/wordpress\/wp-content\/uploads\/2023\/05\/20201022_140327-169x300.jpg 169w, https:\/\/arboldepiedra.org\/wordpress\/wp-content\/uploads\/2023\/05\/20201022_140327-768x1365.jpg 768w, https:\/\/arboldepiedra.org\/wordpress\/wp-content\/uploads\/2023\/05\/20201022_140327-864x1536.jpg 864w, https:\/\/arboldepiedra.org\/wordpress\/wp-content\/uploads\/2023\/05\/20201022_140327-1152x2048.jpg 1152w, https:\/\/arboldepiedra.org\/wordpress\/wp-content\/uploads\/2023\/05\/20201022_140327-1240x2204.jpg 1240w, https:\/\/arboldepiedra.org\/wordpress\/wp-content\/uploads\/2023\/05\/20201022_140327-508x903.jpg 508w, https:\/\/arboldepiedra.org\/wordpress\/wp-content\/uploads\/2023\/05\/20201022_140327-scaled.jpg 1440w\" sizes=\"(max-width: 576px) 100vw, 576px\" \/><\/figure><\/li><li class=\"blocks-gallery-item\"><figure><img loading=\"lazy\" width=\"576\" height=\"1024\" src=\"https:\/\/arboldepiedra.org\/wordpress\/wp-content\/uploads\/2023\/05\/20201022_135802-576x1024.jpg\" alt=\"\" data-id=\"149\" data-full-url=\"https:\/\/arboldepiedra.org\/wordpress\/wp-content\/uploads\/2023\/05\/20201022_135802-scaled.jpg\" data-link=\"https:\/\/arboldepiedra.org\/wordpress\/?attachment_id=149\" class=\"wp-image-149\" srcset=\"https:\/\/arboldepiedra.org\/wordpress\/wp-content\/uploads\/2023\/05\/20201022_135802-576x1024.jpg 576w, https:\/\/arboldepiedra.org\/wordpress\/wp-content\/uploads\/2023\/05\/20201022_135802-169x300.jpg 169w, https:\/\/arboldepiedra.org\/wordpress\/wp-content\/uploads\/2023\/05\/20201022_135802-768x1365.jpg 768w, https:\/\/arboldepiedra.org\/wordpress\/wp-content\/uploads\/2023\/05\/20201022_135802-864x1536.jpg 864w, https:\/\/arboldepiedra.org\/wordpress\/wp-content\/uploads\/2023\/05\/20201022_135802-1152x2048.jpg 1152w, https:\/\/arboldepiedra.org\/wordpress\/wp-content\/uploads\/2023\/05\/20201022_135802-1240x2204.jpg 1240w, https:\/\/arboldepiedra.org\/wordpress\/wp-content\/uploads\/2023\/05\/20201022_135802-508x903.jpg 508w, https:\/\/arboldepiedra.org\/wordpress\/wp-content\/uploads\/2023\/05\/20201022_135802-scaled.jpg 1440w\" sizes=\"(max-width: 576px) 100vw, 576px\" \/><\/figure><\/li><li class=\"blocks-gallery-item\"><figure><img loading=\"lazy\" width=\"1432\" height=\"2560\" src=\"https:\/\/arboldepiedra.org\/wordpress\/wp-content\/uploads\/2021\/07\/20210127_194322-min-scaled.jpg\" alt=\"\" data-id=\"11\" data-full-url=\"https:\/\/arboldepiedra.org\/wordpress\/wp-content\/uploads\/2021\/07\/20210127_194322-min-scaled.jpg\" data-link=\"https:\/\/arboldepiedra.org\/wordpress\/?attachment_id=11\" class=\"wp-image-11\" srcset=\"https:\/\/arboldepiedra.org\/wordpress\/wp-content\/uploads\/2021\/07\/20210127_194322-min-scaled.jpg 1432w, https:\/\/arboldepiedra.org\/wordpress\/wp-content\/uploads\/2021\/07\/20210127_194322-min-859x1536.jpg 859w, https:\/\/arboldepiedra.org\/wordpress\/wp-content\/uploads\/2021\/07\/20210127_194322-min-1146x2048.jpg 1146w, https:\/\/arboldepiedra.org\/wordpress\/wp-content\/uploads\/2021\/07\/20210127_194322-min-1568x2802.jpg 1568w\" sizes=\"(max-width: 1432px) 100vw, 1432px\" \/><\/figure><\/li><li class=\"blocks-gallery-item\"><figure><img loading=\"lazy\" width=\"768\" height=\"1024\" src=\"https:\/\/arboldepiedra.org\/wordpress\/wp-content\/uploads\/2021\/07\/20201129_124847-768x1024.jpg\" alt=\"\" data-id=\"9\" data-full-url=\"https:\/\/arboldepiedra.org\/wordpress\/wp-content\/uploads\/2021\/07\/20201129_124847-scaled.jpg\" data-link=\"https:\/\/arboldepiedra.org\/wordpress\/?attachment_id=9\" class=\"wp-image-9\" srcset=\"https:\/\/arboldepiedra.org\/wordpress\/wp-content\/uploads\/2021\/07\/20201129_124847-768x1024.jpg 768w, https:\/\/arboldepiedra.org\/wordpress\/wp-content\/uploads\/2021\/07\/20201129_124847-225x300.jpg 225w, https:\/\/arboldepiedra.org\/wordpress\/wp-content\/uploads\/2021\/07\/20201129_124847-1152x1536.jpg 1152w, https:\/\/arboldepiedra.org\/wordpress\/wp-content\/uploads\/2021\/07\/20201129_124847-1536x2048.jpg 1536w, https:\/\/arboldepiedra.org\/wordpress\/wp-content\/uploads\/2021\/07\/20201129_124847-1568x2091.jpg 1568w, https:\/\/arboldepiedra.org\/wordpress\/wp-content\/uploads\/2021\/07\/20201129_124847-scaled.jpg 1920w\" sizes=\"(max-width: 768px) 100vw, 768px\" \/><\/figure><\/li><\/ul><figcaption class=\"blocks-gallery-caption\"><em>PH: Ana Sued<\/em><\/figcaption><\/figure>\n<\/div>\n<\/div>\n<\/div><\/div>\n\n\n\n<p><\/p>\n","protected":false},"excerpt":{"rendered":"<p>La tierra se present&oacute; invit&aacute;ndonos a que la cuidemos, a ser guardianes y a hacernos cargo de la responsabilidad que ello significa. El predio se encuentra alambrado y cerrado por tranqueras hace aproximadamente 50 a&ntilde;os, siendo parte del parcelamiento &ldquo;Barrio Parque, Los Paredones&rdquo; aprobado en 1961, junto con el barrio Santa Isabel de la localidad [&hellip;]<\/p>\n","protected":false},"author":1,"featured_media":12,"parent":0,"menu_order":0,"comment_status":"closed","ping_status":"closed","template":"","meta":[],"_links":{"self":[{"href":"https:\/\/arboldepiedra.org\/wordpress\/index.php?rest_route=\/wp\/v2\/pages\/58"}],"collection":[{"href":"https:\/\/arboldepiedra.org\/wordpress\/index.php?rest_route=\/wp\/v2\/pages"}],"about":[{"href":"https:\/\/arboldepiedra.org\/wordpress\/index.php?rest_route=\/wp\/v2\/types\/page"}],"author":[{"embeddable":true,"href":"https:\/\/arboldepiedra.org\/wordpress\/index.php?rest_route=\/wp\/v2\/users\/1"}],"replies":[{"embeddable":true,"href":"https:\/\/arboldepiedra.org\/wordpress\/index.php?rest_route=%2Fwp%2Fv2%2Fcomments&post=58"}],"version-history":[{"count":3,"href":"https:\/\/arboldepiedra.org\/wordpress\/index.php?rest_route=\/wp\/v2\/pages\/58\/revisions"}],"predecessor-version":[{"id":150,"href":"https:\/\/arboldepiedra.org\/wordpress\/index.php?rest_route=\/wp\/v2\/pages\/58\/revisions\/150"}],"wp:featuredmedia":[{"embeddable":true,"href":"https:\/\/arboldepiedra.org\/wordpress\/index.php?rest_route=\/wp\/v2\/media\/12"}],"wp:attachment":[{"href":"https:\/\/arboldepiedra.org\/wordpress\/index.php?rest_route=%2Fwp%2Fv2%2Fmedia&parent=58"}],"curies":[{"name":"wp","href":"https:\/\/api.w.org\/{rel}","templated":true}]}}

DESAFÍO

<p class="has-text-align-center has-text-color has-large-font-size" style="color:#479425">La tierra se presentó invitándonos a que la cuidemos, a ser guardianes y a hacernos cargo de la responsabilidad que ello significa.</p>



<p class="has-text-align-center has-text-color has-large-font-size" style="color:#479425">El predio se encuentra alambrado y cerrado por tranqueras hace aproximadamente 50 años, siendo parte del parcelamiento “Barrio Parque, Los Paredones” aprobado en 1961, junto con el barrio Santa Isabel de la localidad de Charbonier.&nbsp; El parcelamiento está catalogado como urbano lo que permite a quien compre estas parcelas urbanizar estos espacios llenos de biodiversidad.</p>



<p class="has-text-align-center has-text-color has-large-font-size" style="color:#479425">Nuestro desafío en la adquisición de la tierra es proteger la vida y el entorno de una urbanización intensiva &nbsp;estableciendo valores de conservación y firmando un compromiso con el medioambiente.</p>



<div class="wp-block-group"><div class="wp-block-group__inner-container">
<div class="wp-block-columns">
<div class="wp-block-column" style="flex-basis:100%">
<figure class="wp-block-gallery columns-3 is-cropped"><ul class="blocks-gallery-grid"><li class="blocks-gallery-item"><figure><img loading="lazy" width="576" height="1024" src="https://arboldepiedra.org/wordpress/wp-content/uploads/2023/05/20210108_161815-576x1024.jpg" alt="" data-id="145" data-full-url="https://arboldepiedra.org/wordpress/wp-content/uploads/2023/05/20210108_161815-scaled.jpg" data-link="https://arboldepiedra.org/wordpress/?attachment_id=145" class="wp-image-145" srcset="https://arboldepiedra.org/wordpress/wp-content/uploads/2023/05/20210108_161815-576x1024.jpg 576w, https://arboldepiedra.org/wordpress/wp-content/uploads/2023/05/20210108_161815-169x300.jpg 169w, https://arboldepiedra.org/wordpress/wp-content/uploads/2023/05/20210108_161815-768x1365.jpg 768w, https://arboldepiedra.org/wordpress/wp-content/uploads/2023/05/20210108_161815-864x1536.jpg 864w, https://arboldepiedra.org/wordpress/wp-content/uploads/2023/05/20210108_161815-1152x2048.jpg 1152w, https://arboldepiedra.org/wordpress/wp-content/uploads/2023/05/20210108_161815-1240x2204.jpg 1240w, https://arboldepiedra.org/wordpress/wp-content/uploads/2023/05/20210108_161815-508x903.jpg 508w, https://arboldepiedra.org/wordpress/wp-content/uploads/2023/05/20210108_161815-scaled.jpg 1440w" sizes="(max-width: 576px) 100vw, 576px" /></figure></li><li class="blocks-gallery-item"><figure><img loading="lazy" width="576" height="1024" src="https://arboldepiedra.org/wordpress/wp-content/uploads/2023/05/20210114_160247-576x1024.jpg" alt="" data-id="144" data-full-url="https://arboldepiedra.org/wordpress/wp-content/uploads/2023/05/20210114_160247-scaled.jpg" data-link="https://arboldepiedra.org/wordpress/?attachment_id=144" class="wp-image-144" srcset="https://arboldepiedra.org/wordpress/wp-content/uploads/2023/05/20210114_160247-576x1024.jpg 576w, https://arboldepiedra.org/wordpress/wp-content/uploads/2023/05/20210114_160247-169x300.jpg 169w, https://arboldepiedra.org/wordpress/wp-content/uploads/2023/05/20210114_160247-768x1365.jpg 768w, https://arboldepiedra.org/wordpress/wp-content/uploads/2023/05/20210114_160247-864x1536.jpg 864w, https://arboldepiedra.org/wordpress/wp-content/uploads/2023/05/20210114_160247-1152x2048.jpg 1152w, https://arboldepiedra.org/wordpress/wp-content/uploads/2023/05/20210114_160247-1240x2204.jpg 1240w, https://arboldepiedra.org/wordpress/wp-content/uploads/2023/05/20210114_160247-508x903.jpg 508w, https://arboldepiedra.org/wordpress/wp-content/uploads/2023/05/20210114_160247-scaled.jpg 1440w" sizes="(max-width: 576px) 100vw, 576px" /></figure></li><li class="blocks-gallery-item"><figure><img loading="lazy" width="576" height="1024" src="https://arboldepiedra.org/wordpress/wp-content/uploads/2023/05/20201022_140327-576x1024.jpg" alt="" data-id="146" data-full-url="https://arboldepiedra.org/wordpress/wp-content/uploads/2023/05/20201022_140327-scaled.jpg" data-link="https://arboldepiedra.org/wordpress/?attachment_id=146" class="wp-image-146" srcset="https://arboldepiedra.org/wordpress/wp-content/uploads/2023/05/20201022_140327-576x1024.jpg 576w, https://arboldepiedra.org/wordpress/wp-content/uploads/2023/05/20201022_140327-169x300.jpg 169w, https://arboldepiedra.org/wordpress/wp-content/uploads/2023/05/20201022_140327-768x1365.jpg 768w, https://arboldepiedra.org/wordpress/wp-content/uploads/2023/05/20201022_140327-864x1536.jpg 864w, https://arboldepiedra.org/wordpress/wp-content/uploads/2023/05/20201022_140327-1152x2048.jpg 1152w, https://arboldepiedra.org/wordpress/wp-content/uploads/2023/05/20201022_140327-1240x2204.jpg 1240w, https://arboldepiedra.org/wordpress/wp-content/uploads/2023/05/20201022_140327-508x903.jpg 508w, https://arboldepiedra.org/wordpress/wp-content/uploads/2023/05/20201022_140327-scaled.jpg 1440w" sizes="(max-width: 576px) 100vw, 576px" /></figure></li><li class="blocks-gallery-item"><figure><img loading="lazy" width="576" height="1024" src="https://arboldepiedra.org/wordpress/wp-content/uploads/2023/05/20201022_135802-576x1024.jpg" alt="" data-id="149" data-full-url="https://arboldepiedra.org/wordpress/wp-content/uploads/2023/05/20201022_135802-scaled.jpg" data-link="https://arboldepiedra.org/wordpress/?attachment_id=149" class="wp-image-149" srcset="https://arboldepiedra.org/wordpress/wp-content/uploads/2023/05/20201022_135802-576x1024.jpg 576w, https://arboldepiedra.org/wordpress/wp-content/uploads/2023/05/20201022_135802-169x300.jpg 169w, https://arboldepiedra.org/wordpress/wp-content/uploads/2023/05/20201022_135802-768x1365.jpg 768w, https://arboldepiedra.org/wordpress/wp-content/uploads/2023/05/20201022_135802-864x1536.jpg 864w, https://arboldepiedra.org/wordpress/wp-content/uploads/2023/05/20201022_135802-1152x2048.jpg 1152w, https://arboldepiedra.org/wordpress/wp-content/uploads/2023/05/20201022_135802-1240x2204.jpg 1240w, https://arboldepiedra.org/wordpress/wp-content/uploads/2023/05/20201022_135802-508x903.jpg 508w, https://arboldepiedra.org/wordpress/wp-content/uploads/2023/05/20201022_135802-scaled.jpg 1440w" sizes="(max-width: 576px) 100vw, 576px" /></figure></li><li class="blocks-gallery-item"><figure><img loading="lazy" width="1432" height="2560" src="https://arboldepiedra.org/wordpress/wp-content/uploads/2021/07/20210127_194322-min-scaled.jpg" alt="" data-id="11" data-full-url="https://arboldepiedra.org/wordpress/wp-content/uploads/2021/07/20210127_194322-min-scaled.jpg" data-link="https://arboldepiedra.org/wordpress/?attachment_id=11" class="wp-image-11" srcset="https://arboldepiedra.org/wordpress/wp-content/uploads/2021/07/20210127_194322-min-scaled.jpg 1432w, https://arboldepiedra.org/wordpress/wp-content/uploads/2021/07/20210127_194322-min-859x1536.jpg 859w, https://arboldepiedra.org/wordpress/wp-content/uploads/2021/07/20210127_194322-min-1146x2048.jpg 1146w, https://arboldepiedra.org/wordpress/wp-content/uploads/2021/07/20210127_194322-min-1568x2802.jpg 1568w" sizes="(max-width: 1432px) 100vw, 1432px" /></figure></li><li class="blocks-gallery-item"><figure><img loading="lazy" width="768" height="1024" src="https://arboldepiedra.org/wordpress/wp-content/uploads/2021/07/20201129_124847-768x1024.jpg" alt="" data-id="9" data-full-url="https://arboldepiedra.org/wordpress/wp-content/uploads/2021/07/20201129_124847-scaled.jpg" data-link="https://arboldepiedra.org/wordpress/?attachment_id=9" class="wp-image-9" srcset="https://arboldepiedra.org/wordpress/wp-content/uploads/2021/07/20201129_124847-768x1024.jpg 768w, https://arboldepiedra.org/wordpress/wp-content/uploads/2021/07/20201129_124847-225x300.jpg 225w, https://arboldepiedra.org/wordpress/wp-content/uploads/2021/07/20201129_124847-1152x1536.jpg 1152w, https://arboldepiedra.org/wordpress/wp-content/uploads/2021/07/20201129_124847-1536x2048.jpg 1536w, https://arboldepiedra.org/wordpress/wp-content/uploads/2021/07/20201129_124847-1568x2091.jpg 1568w, https://arboldepiedra.org/wordpress/wp-content/uploads/2021/07/20201129_124847-scaled.jpg 1920w" sizes="(max-width: 768px) 100vw, 768px" /></figure></li></ul><figcaption class="blocks-gallery-caption"><em>PH: Ana Sued</em></figcaption></figure>
</div>
</div>
</div></div>



<p></p>
