{"id":56,"date":"2021-07-14T15:09:28","date_gmt":"2021-07-14T18:09:28","guid":{"rendered":"https:\/\/188.34.164.47\/wordpress\/?page_id=56"},"modified":"2023-05-18T09:44:25","modified_gmt":"2023-05-18T12:44:25","slug":"mision","status":"publish","type":"page","link":"https:\/\/arboldepiedra.org\/wordpress\/?page_id=56","title":{"rendered":"MISI\u00d3N"},"content":{"rendered":"\n<p class=\"has-text-align-center has-text-color has-large-font-size\" style=\"color:#479425\">Nuestra misi\u00f3n es:<\/p>\n\n\n\n<p class=\"has-text-align-center has-text-color has-large-font-size\" style=\"color:#479425\">Contribuir a la educaci\u00f3n ambiental para la construcci\u00f3n de una sociedad sostenible. Promovemos la concientizaci\u00f3n y educaci\u00f3n de la poblaci\u00f3n en materia ambiental a&nbsp;trav\u00e9s de formaciones, visitas a la reserva y la creaci\u00f3n de una biblioteca que se ofrece como un espacio de consulta para el p\u00fablico en general, socios, estudiantes e investigadores.<\/p>\n\n\n\n<p class=\"has-text-align-center has-text-color has-large-font-size\" style=\"color:#479425\"> Fomentar investigaciones cient\u00edficas y tecnol\u00f3gicas que tengan como objeto la ecolog\u00eda, la conservaci\u00f3n y el uso sostenible.&nbsp; As\u00ed mismo difundir estudios y consideraciones&nbsp;que contribuyan a la protecci\u00f3n ambiental.&nbsp;<\/p>\n\n\n\n<p class=\"has-text-align-center has-text-color has-large-font-size\" style=\"color:#479425\">Promover la implementaci\u00f3n de proyectos de conservaci\u00f3n de la biodiversidad.<\/p>\n\n\n\n<p class=\"has-text-align-center has-text-color has-large-font-size\" style=\"color:#479425\">Arbitrar colectivamente los medios necesarios para que aproximadamente el 76% de la superficie privada&nbsp; se mantenga cubierta por \u00e1rboles aut\u00f3ctonos.<\/p>\n\n\n\n<p class=\"has-text-align-center has-text-color has-large-font-size\" style=\"color:#479425\">Tomar las medidas necesarias para prevenir y combatir incendios.<\/p>\n\n\n\n<p class=\"has-text-align-center has-text-color has-large-font-size\" style=\"color:#479425\">Tomar las medidas necesarias para la protecci\u00f3n de la fauna aut\u00f3ctona.<\/p>\n\n\n\n<figure class=\"wp-block-image size-large\"><img loading=\"lazy\" width=\"2560\" height=\"1440\" src=\"https:\/\/188.34.164.47\/wordpress\/wp-content\/uploads\/2021\/07\/20210616_122817-scaled.jpg\" alt=\"\" class=\"wp-image-18\" srcset=\"https:\/\/arboldepiedra.org\/wordpress\/wp-content\/uploads\/2021\/07\/20210616_122817-scaled.jpg 2560w, https:\/\/arboldepiedra.org\/wordpress\/wp-content\/uploads\/2021\/07\/20210616_122817-1536x864.jpg 1536w, https:\/\/arboldepiedra.org\/wordpress\/wp-content\/uploads\/2021\/07\/20210616_122817-2048x1152.jpg 2048w, https:\/\/arboldepiedra.org\/wordpress\/wp-content\/uploads\/2021\/07\/20210616_122817-1568x882.jpg 1568w\" sizes=\"(max-width: 2560px) 100vw, 2560px\" \/><figcaption><strong>Rincones de la reserva.<\/strong><em> PH: Ana Sued<\/em><\/figcaption><\/figure>\n","protected":false},"excerpt":{"rendered":"<p>Nuestra misi&oacute;n es: Contribuir a la educaci&oacute;n ambiental para la construcci&oacute;n de una sociedad sostenible. Promovemos la concientizaci&oacute;n y educaci&oacute;n de la poblaci&oacute;n en materia ambiental a&nbsp;trav&eacute;s de formaciones, visitas a la reserva y la creaci&oacute;n de una biblioteca que se ofrece como un espacio de consulta para el p&uacute;blico en general, socios, estudiantes e [&hellip;]<\/p>\n","protected":false},"author":1,"featured_media":17,"parent":0,"menu_order":0,"comment_status":"closed","ping_status":"closed","template":"","meta":[],"_links":{"self":[{"href":"https:\/\/arboldepiedra.org\/wordpress\/index.php?rest_route=\/wp\/v2\/pages\/56"}],"collection":[{"href":"https:\/\/arboldepiedra.org\/wordpress\/index.php?rest_route=\/wp\/v2\/pages"}],"about":[{"href":"https:\/\/arboldepiedra.org\/wordpress\/index.php?rest_route=\/wp\/v2\/types\/page"}],"author":[{"embeddable":true,"href":"https:\/\/arboldepiedra.org\/wordpress\/index.php?rest_route=\/wp\/v2\/users\/1"}],"replies":[{"embeddable":true,"href":"https:\/\/arboldepiedra.org\/wordpress\/index.php?rest_route=%2Fwp%2Fv2%2Fcomments&post=56"}],"version-history":[{"count":2,"href":"https:\/\/arboldepiedra.org\/wordpress\/index.php?rest_route=\/wp\/v2\/pages\/56\/revisions"}],"predecessor-version":[{"id":148,"href":"https:\/\/arboldepiedra.org\/wordpress\/index.php?rest_route=\/wp\/v2\/pages\/56\/revisions\/148"}],"wp:featuredmedia":[{"embeddable":true,"href":"https:\/\/arboldepiedra.org\/wordpress\/index.php?rest_route=\/wp\/v2\/media\/17"}],"wp:attachment":[{"href":"https:\/\/arboldepiedra.org\/wordpress\/index.php?rest_route=%2Fwp%2Fv2%2Fmedia&parent=56"}],"curies":[{"name":"wp","href":"https:\/\/api.w.org\/{rel}","templated":true}]}}

MISIÓN

<p class="has-text-align-center has-text-color has-large-font-size" style="color:#479425">Nuestra misión es:</p>



<p class="has-text-align-center has-text-color has-large-font-size" style="color:#479425">Contribuir a la educación ambiental para la construcción de una sociedad sostenible. Promovemos la concientización y educación de la población en materia ambiental a&nbsp;través de formaciones, visitas a la reserva y la creación de una biblioteca que se ofrece como un espacio de consulta para el público en general, socios, estudiantes e investigadores.</p>



<p class="has-text-align-center has-text-color has-large-font-size" style="color:#479425"> Fomentar investigaciones científicas y tecnológicas que tengan como objeto la ecología, la conservación y el uso sostenible.&nbsp; Así mismo difundir estudios y consideraciones&nbsp;que contribuyan a la protección ambiental.&nbsp;</p>



<p class="has-text-align-center has-text-color has-large-font-size" style="color:#479425">Promover la implementación de proyectos de conservación de la biodiversidad.</p>



<p class="has-text-align-center has-text-color has-large-font-size" style="color:#479425">Arbitrar colectivamente los medios necesarios para que aproximadamente el 76% de la superficie privada&nbsp; se mantenga cubierta por árboles autóctonos.</p>



<p class="has-text-align-center has-text-color has-large-font-size" style="color:#479425">Tomar las medidas necesarias para prevenir y combatir incendios.</p>



<p class="has-text-align-center has-text-color has-large-font-size" style="color:#479425">Tomar las medidas necesarias para la protección de la fauna autóctona.</p>



<figure class="wp-block-image size-large"><img loading="lazy" width="2560" height="1440" src="https://188.34.164.47/wordpress/wp-content/uploads/2021/07/20210616_122817-scaled.jpg" alt="" class="wp-image-18" srcset="https://arboldepiedra.org/wordpress/wp-content/uploads/2021/07/20210616_122817-scaled.jpg 2560w, https://arboldepiedra.org/wordpress/wp-content/uploads/2021/07/20210616_122817-1536x864.jpg 1536w, https://arboldepiedra.org/wordpress/wp-content/uploads/2021/07/20210616_122817-2048x1152.jpg 2048w, https://arboldepiedra.org/wordpress/wp-content/uploads/2021/07/20210616_122817-1568x882.jpg 1568w" sizes="(max-width: 2560px) 100vw, 2560px" /><figcaption><strong>Rincones de la reserva.</strong><em> PH: Ana Sued</em></figcaption></figure>
