{"id":44,"date":"2021-07-14T11:13:45","date_gmt":"2021-07-14T14:13:45","guid":{"rendered":"https:\/\/188.34.164.47\/wordpress\/?page_id=44"},"modified":"2023-05-18T09:55:15","modified_gmt":"2023-05-18T12:55:15","slug":"quienes-somos","status":"publish","type":"page","link":"https:\/\/arboldepiedra.org\/wordpress\/?page_id=44","title":{"rendered":"\u00bfQUI\u00c9NES SOMOS?"},"content":{"rendered":"\n<figure class=\"wp-block-gallery columns-0 is-cropped\"><ul class=\"blocks-gallery-grid\"><\/ul><\/figure>\n\n\n\n<p class=\"has-text-align-center has-text-color has-large-font-size\" style=\"color:#679425\">\u00c1rbol de piedra es una reserva natural colectiva que se&nbsp;constituye seg\u00fan la clasificaci\u00f3n de la Uni\u00f3n Internacional de Conservaci\u00f3n de la Naturaleza como un \u201c\u00c1rea protegida con uso sostenible de los recursos&nbsp;naturales\u201d (categor\u00eda VI). Esto significa que \u201ccuenta con una gesti\u00f3n sostenible de los recursos naturales y se considera que uno de los objetivos principales del \u00e1rea es el uso no industrial, de bajo nivel de los recursos naturales, compatible con la conservaci\u00f3n de la naturaleza\u201d.&nbsp;La reserva es un espacio gestionado mediante medios legales para conseguir la conservaci\u00f3n a largo plazo de la naturaleza.<\/p>\n\n\n\n<p class=\"has-text-align-center has-text-color has-large-font-size\" style=\"color:#679425\">\u00c1rbol de piedra es gestionada por una asociaci\u00f3n civil sin fines de lucro creada&nbsp;con el objeto de promover el bien com\u00fan, la sustentabilidad ecol\u00f3gica, social y econ\u00f3mica, a trav\u00e9s de la creaci\u00f3n y administraci\u00f3n de una reserva natural colectiva.<\/p>\n\n\n\n<p class=\"has-text-color has-normal-font-size\" style=\"color:#12232a\"><em><span class=\"has-inline-color has-black-color\">\u00bf<a href=\"https:\/\/arboldepiedra.org\/wordpress\/?page_id=60\" data-type=\"URL\">Quer\u00e9s saber m\u00e1s sobre nuestros lineamientos?<\/a>\u00a0<\/span><\/em><\/p>\n\n\n\n<figure class=\"wp-block-gallery columns-3 is-cropped\"><ul class=\"blocks-gallery-grid\"><li class=\"blocks-gallery-item\"><figure><img loading=\"lazy\" width=\"1024\" height=\"1024\" src=\"https:\/\/arboldepiedra.org\/wordpress\/wp-content\/uploads\/2023\/05\/PSX_20200819_232524-1024x1024.jpg\" alt=\"\" data-id=\"130\" data-link=\"https:\/\/arboldepiedra.org\/wordpress\/?attachment_id=130\" class=\"wp-image-130\" srcset=\"https:\/\/arboldepiedra.org\/wordpress\/wp-content\/uploads\/2023\/05\/PSX_20200819_232524-1024x1024.jpg 1024w, https:\/\/arboldepiedra.org\/wordpress\/wp-content\/uploads\/2023\/05\/PSX_20200819_232524-300x300.jpg 300w, https:\/\/arboldepiedra.org\/wordpress\/wp-content\/uploads\/2023\/05\/PSX_20200819_232524-150x150.jpg 150w, https:\/\/arboldepiedra.org\/wordpress\/wp-content\/uploads\/2023\/05\/PSX_20200819_232524-768x768.jpg 768w, https:\/\/arboldepiedra.org\/wordpress\/wp-content\/uploads\/2023\/05\/PSX_20200819_232524-1536x1536.jpg 1536w, https:\/\/arboldepiedra.org\/wordpress\/wp-content\/uploads\/2023\/05\/PSX_20200819_232524-2048x2048.jpg 2048w, https:\/\/arboldepiedra.org\/wordpress\/wp-content\/uploads\/2023\/05\/PSX_20200819_232524-1240x1240.jpg 1240w, https:\/\/arboldepiedra.org\/wordpress\/wp-content\/uploads\/2023\/05\/PSX_20200819_232524-508x508.jpg 508w\" sizes=\"(max-width: 1024px) 100vw, 1024px\" \/><\/figure><\/li><li class=\"blocks-gallery-item\"><figure><img loading=\"lazy\" width=\"1024\" height=\"1024\" src=\"https:\/\/arboldepiedra.org\/wordpress\/wp-content\/uploads\/2023\/05\/20200513_152228-1024x1024.jpg\" alt=\"\" data-id=\"128\" data-link=\"https:\/\/arboldepiedra.org\/wordpress\/?attachment_id=128\" class=\"wp-image-128\" srcset=\"https:\/\/arboldepiedra.org\/wordpress\/wp-content\/uploads\/2023\/05\/20200513_152228-1024x1024.jpg 1024w, https:\/\/arboldepiedra.org\/wordpress\/wp-content\/uploads\/2023\/05\/20200513_152228-300x300.jpg 300w, https:\/\/arboldepiedra.org\/wordpress\/wp-content\/uploads\/2023\/05\/20200513_152228-150x150.jpg 150w, https:\/\/arboldepiedra.org\/wordpress\/wp-content\/uploads\/2023\/05\/20200513_152228-768x768.jpg 768w, https:\/\/arboldepiedra.org\/wordpress\/wp-content\/uploads\/2023\/05\/20200513_152228-1536x1536.jpg 1536w, https:\/\/arboldepiedra.org\/wordpress\/wp-content\/uploads\/2023\/05\/20200513_152228-2048x2048.jpg 2048w, https:\/\/arboldepiedra.org\/wordpress\/wp-content\/uploads\/2023\/05\/20200513_152228-1240x1240.jpg 1240w, https:\/\/arboldepiedra.org\/wordpress\/wp-content\/uploads\/2023\/05\/20200513_152228-508x508.jpg 508w\" sizes=\"(max-width: 1024px) 100vw, 1024px\" \/><\/figure><\/li><li class=\"blocks-gallery-item\"><figure><img loading=\"lazy\" width=\"1024\" height=\"1024\" src=\"https:\/\/arboldepiedra.org\/wordpress\/wp-content\/uploads\/2023\/05\/20200510_170002-1-1024x1024.jpg\" alt=\"\" data-id=\"131\" data-link=\"https:\/\/arboldepiedra.org\/wordpress\/?attachment_id=131\" class=\"wp-image-131\" srcset=\"https:\/\/arboldepiedra.org\/wordpress\/wp-content\/uploads\/2023\/05\/20200510_170002-1-1024x1024.jpg 1024w, https:\/\/arboldepiedra.org\/wordpress\/wp-content\/uploads\/2023\/05\/20200510_170002-1-300x300.jpg 300w, https:\/\/arboldepiedra.org\/wordpress\/wp-content\/uploads\/2023\/05\/20200510_170002-1-150x150.jpg 150w, https:\/\/arboldepiedra.org\/wordpress\/wp-content\/uploads\/2023\/05\/20200510_170002-1-768x768.jpg 768w, https:\/\/arboldepiedra.org\/wordpress\/wp-content\/uploads\/2023\/05\/20200510_170002-1-1536x1536.jpg 1536w, https:\/\/arboldepiedra.org\/wordpress\/wp-content\/uploads\/2023\/05\/20200510_170002-1-2048x2048.jpg 2048w, https:\/\/arboldepiedra.org\/wordpress\/wp-content\/uploads\/2023\/05\/20200510_170002-1-1240x1240.jpg 1240w, https:\/\/arboldepiedra.org\/wordpress\/wp-content\/uploads\/2023\/05\/20200510_170002-1-508x508.jpg 508w\" sizes=\"(max-width: 1024px) 100vw, 1024px\" \/><\/figure><\/li><li class=\"blocks-gallery-item\"><figure><img loading=\"lazy\" width=\"1024\" height=\"576\" src=\"https:\/\/arboldepiedra.org\/wordpress\/wp-content\/uploads\/2023\/05\/20210108_161944-1024x576.jpg\" alt=\"\" data-id=\"134\" data-full-url=\"https:\/\/arboldepiedra.org\/wordpress\/wp-content\/uploads\/2023\/05\/20210108_161944-scaled.jpg\" data-link=\"https:\/\/arboldepiedra.org\/wordpress\/?attachment_id=134\" class=\"wp-image-134\" srcset=\"https:\/\/arboldepiedra.org\/wordpress\/wp-content\/uploads\/2023\/05\/20210108_161944-1024x576.jpg 1024w, https:\/\/arboldepiedra.org\/wordpress\/wp-content\/uploads\/2023\/05\/20210108_161944-300x169.jpg 300w, https:\/\/arboldepiedra.org\/wordpress\/wp-content\/uploads\/2023\/05\/20210108_161944-768x432.jpg 768w, https:\/\/arboldepiedra.org\/wordpress\/wp-content\/uploads\/2023\/05\/20210108_161944-1536x864.jpg 1536w, https:\/\/arboldepiedra.org\/wordpress\/wp-content\/uploads\/2023\/05\/20210108_161944-2048x1152.jpg 2048w, https:\/\/arboldepiedra.org\/wordpress\/wp-content\/uploads\/2023\/05\/20210108_161944-1240x698.jpg 1240w, https:\/\/arboldepiedra.org\/wordpress\/wp-content\/uploads\/2023\/05\/20210108_161944-508x286.jpg 508w\" sizes=\"(max-width: 1024px) 100vw, 1024px\" \/><\/figure><\/li><\/ul><figcaption class=\"blocks-gallery-caption\">PH: Ana Sued<\/figcaption><\/figure>\n","protected":false},"excerpt":{"rendered":"<p>&Aacute;rbol de piedra es una reserva natural colectiva que se&nbsp;constituye seg&uacute;n la clasificaci&oacute;n de la Uni&oacute;n Internacional de Conservaci&oacute;n de la Naturaleza como un &ldquo;&Aacute;rea protegida con uso sostenible de los recursos&nbsp;naturales&rdquo; (categor&iacute;a VI). Esto significa que &ldquo;cuenta con una gesti&oacute;n sostenible de los recursos naturales y se considera que uno de los objetivos principales [&hellip;]<\/p>\n","protected":false},"author":1,"featured_media":124,"parent":0,"menu_order":0,"comment_status":"closed","ping_status":"closed","template":"","meta":[],"_links":{"self":[{"href":"https:\/\/arboldepiedra.org\/wordpress\/index.php?rest_route=\/wp\/v2\/pages\/44"}],"collection":[{"href":"https:\/\/arboldepiedra.org\/wordpress\/index.php?rest_route=\/wp\/v2\/pages"}],"about":[{"href":"https:\/\/arboldepiedra.org\/wordpress\/index.php?rest_route=\/wp\/v2\/types\/page"}],"author":[{"embeddable":true,"href":"https:\/\/arboldepiedra.org\/wordpress\/index.php?rest_route=\/wp\/v2\/users\/1"}],"replies":[{"embeddable":true,"href":"https:\/\/arboldepiedra.org\/wordpress\/index.php?rest_route=%2Fwp%2Fv2%2Fcomments&post=44"}],"version-history":[{"count":12,"href":"https:\/\/arboldepiedra.org\/wordpress\/index.php?rest_route=\/wp\/v2\/pages\/44\/revisions"}],"predecessor-version":[{"id":154,"href":"https:\/\/arboldepiedra.org\/wordpress\/index.php?rest_route=\/wp\/v2\/pages\/44\/revisions\/154"}],"wp:featuredmedia":[{"embeddable":true,"href":"https:\/\/arboldepiedra.org\/wordpress\/index.php?rest_route=\/wp\/v2\/media\/124"}],"wp:attachment":[{"href":"https:\/\/arboldepiedra.org\/wordpress\/index.php?rest_route=%2Fwp%2Fv2%2Fmedia&parent=44"}],"curies":[{"name":"wp","href":"https:\/\/api.w.org\/{rel}","templated":true}]}}

¿QUIÉNES SOMOS?

<figure class="wp-block-gallery columns-0 is-cropped"><ul class="blocks-gallery-grid"></ul></figure>



<p class="has-text-align-center has-text-color has-large-font-size" style="color:#679425">Árbol de piedra es una reserva natural colectiva que se&nbsp;constituye según la clasificación de la Unión Internacional de Conservación de la Naturaleza como un “Área protegida con uso sostenible de los recursos&nbsp;naturales” (categoría VI). Esto significa que “cuenta con una gestión sostenible de los recursos naturales y se considera que uno de los objetivos principales del área es el uso no industrial, de bajo nivel de los recursos naturales, compatible con la conservación de la naturaleza”.&nbsp;La reserva es un espacio gestionado mediante medios legales para conseguir la conservación a largo plazo de la naturaleza.</p>



<p class="has-text-align-center has-text-color has-large-font-size" style="color:#679425">Árbol de piedra es gestionada por una asociación civil sin fines de lucro creada&nbsp;con el objeto de promover el bien común, la sustentabilidad ecológica, social y económica, a través de la creación y administración de una reserva natural colectiva.</p>



<p class="has-text-color has-normal-font-size" style="color:#12232a"><em><span class="has-inline-color has-black-color">¿<a href="https://arboldepiedra.org/wordpress/?page_id=60" data-type="URL">Querés saber más sobre nuestros lineamientos?</a> </span></em></p>



<figure class="wp-block-gallery columns-3 is-cropped"><ul class="blocks-gallery-grid"><li class="blocks-gallery-item"><figure><img loading="lazy" width="1024" height="1024" src="https://arboldepiedra.org/wordpress/wp-content/uploads/2023/05/PSX_20200819_232524-1024x1024.jpg" alt="" data-id="130" data-link="https://arboldepiedra.org/wordpress/?attachment_id=130" class="wp-image-130" srcset="https://arboldepiedra.org/wordpress/wp-content/uploads/2023/05/PSX_20200819_232524-1024x1024.jpg 1024w, https://arboldepiedra.org/wordpress/wp-content/uploads/2023/05/PSX_20200819_232524-300x300.jpg 300w, https://arboldepiedra.org/wordpress/wp-content/uploads/2023/05/PSX_20200819_232524-150x150.jpg 150w, https://arboldepiedra.org/wordpress/wp-content/uploads/2023/05/PSX_20200819_232524-768x768.jpg 768w, https://arboldepiedra.org/wordpress/wp-content/uploads/2023/05/PSX_20200819_232524-1536x1536.jpg 1536w, https://arboldepiedra.org/wordpress/wp-content/uploads/2023/05/PSX_20200819_232524-2048x2048.jpg 2048w, https://arboldepiedra.org/wordpress/wp-content/uploads/2023/05/PSX_20200819_232524-1240x1240.jpg 1240w, https://arboldepiedra.org/wordpress/wp-content/uploads/2023/05/PSX_20200819_232524-508x508.jpg 508w" sizes="(max-width: 1024px) 100vw, 1024px" /></figure></li><li class="blocks-gallery-item"><figure><img loading="lazy" width="1024" height="1024" src="https://arboldepiedra.org/wordpress/wp-content/uploads/2023/05/20200513_152228-1024x1024.jpg" alt="" data-id="128" data-link="https://arboldepiedra.org/wordpress/?attachment_id=128" class="wp-image-128" srcset="https://arboldepiedra.org/wordpress/wp-content/uploads/2023/05/20200513_152228-1024x1024.jpg 1024w, https://arboldepiedra.org/wordpress/wp-content/uploads/2023/05/20200513_152228-300x300.jpg 300w, https://arboldepiedra.org/wordpress/wp-content/uploads/2023/05/20200513_152228-150x150.jpg 150w, https://arboldepiedra.org/wordpress/wp-content/uploads/2023/05/20200513_152228-768x768.jpg 768w, https://arboldepiedra.org/wordpress/wp-content/uploads/2023/05/20200513_152228-1536x1536.jpg 1536w, https://arboldepiedra.org/wordpress/wp-content/uploads/2023/05/20200513_152228-2048x2048.jpg 2048w, https://arboldepiedra.org/wordpress/wp-content/uploads/2023/05/20200513_152228-1240x1240.jpg 1240w, https://arboldepiedra.org/wordpress/wp-content/uploads/2023/05/20200513_152228-508x508.jpg 508w" sizes="(max-width: 1024px) 100vw, 1024px" /></figure></li><li class="blocks-gallery-item"><figure><img loading="lazy" width="1024" height="1024" src="https://arboldepiedra.org/wordpress/wp-content/uploads/2023/05/20200510_170002-1-1024x1024.jpg" alt="" data-id="131" data-link="https://arboldepiedra.org/wordpress/?attachment_id=131" class="wp-image-131" srcset="https://arboldepiedra.org/wordpress/wp-content/uploads/2023/05/20200510_170002-1-1024x1024.jpg 1024w, https://arboldepiedra.org/wordpress/wp-content/uploads/2023/05/20200510_170002-1-300x300.jpg 300w, https://arboldepiedra.org/wordpress/wp-content/uploads/2023/05/20200510_170002-1-150x150.jpg 150w, https://arboldepiedra.org/wordpress/wp-content/uploads/2023/05/20200510_170002-1-768x768.jpg 768w, https://arboldepiedra.org/wordpress/wp-content/uploads/2023/05/20200510_170002-1-1536x1536.jpg 1536w, https://arboldepiedra.org/wordpress/wp-content/uploads/2023/05/20200510_170002-1-2048x2048.jpg 2048w, https://arboldepiedra.org/wordpress/wp-content/uploads/2023/05/20200510_170002-1-1240x1240.jpg 1240w, https://arboldepiedra.org/wordpress/wp-content/uploads/2023/05/20200510_170002-1-508x508.jpg 508w" sizes="(max-width: 1024px) 100vw, 1024px" /></figure></li><li class="blocks-gallery-item"><figure><img loading="lazy" width="1024" height="576" src="https://arboldepiedra.org/wordpress/wp-content/uploads/2023/05/20210108_161944-1024x576.jpg" alt="" data-id="134" data-full-url="https://arboldepiedra.org/wordpress/wp-content/uploads/2023/05/20210108_161944-scaled.jpg" data-link="https://arboldepiedra.org/wordpress/?attachment_id=134" class="wp-image-134" srcset="https://arboldepiedra.org/wordpress/wp-content/uploads/2023/05/20210108_161944-1024x576.jpg 1024w, https://arboldepiedra.org/wordpress/wp-content/uploads/2023/05/20210108_161944-300x169.jpg 300w, https://arboldepiedra.org/wordpress/wp-content/uploads/2023/05/20210108_161944-768x432.jpg 768w, https://arboldepiedra.org/wordpress/wp-content/uploads/2023/05/20210108_161944-1536x864.jpg 1536w, https://arboldepiedra.org/wordpress/wp-content/uploads/2023/05/20210108_161944-2048x1152.jpg 2048w, https://arboldepiedra.org/wordpress/wp-content/uploads/2023/05/20210108_161944-1240x698.jpg 1240w, https://arboldepiedra.org/wordpress/wp-content/uploads/2023/05/20210108_161944-508x286.jpg 508w" sizes="(max-width: 1024px) 100vw, 1024px" /></figure></li></ul><figcaption class="blocks-gallery-caption">PH: Ana Sued</figcaption></figure>
